{"id":147,"date":"2020-10-19T22:31:23","date_gmt":"2020-10-20T01:31:23","guid":{"rendered":"http:\/\/www.longevos.com.br\/mp\/?page_id=147"},"modified":"2020-10-30T12:14:00","modified_gmt":"2020-10-30T15:14:00","slug":"velhice-mundo-afora","status":"publish","type":"page","link":"https:\/\/martapessoa.blog.br\/index.php\/velhice-mundo-afora\/","title":{"rendered":"Dinamarca &#8211; Velhice Mundo Afora"},"content":{"rendered":"\n<p style=\"font-size:35px\"><strong>Velhice mundo afora<\/strong><\/p>\n\n\n\n<p><em>Escrito para o blog Mundo Prateado<\/em><\/p>\n\n\n\n<figure class=\"wp-block-image size-large\"><img loading=\"lazy\" width=\"370\" height=\"130\" src=\"http:\/\/www.martapessoa.blog.br\/wp-content\/uploads\/2020\/10\/1.jpg\" alt=\"\" class=\"wp-image-142\" srcset=\"https:\/\/martapessoa.blog.br\/wp-content\/uploads\/2020\/10\/1.jpg 370w, https:\/\/martapessoa.blog.br\/wp-content\/uploads\/2020\/10\/1-300x105.jpg 300w, https:\/\/martapessoa.blog.br\/wp-content\/uploads\/2020\/10\/1-230x81.jpg 230w, https:\/\/martapessoa.blog.br\/wp-content\/uploads\/2020\/10\/1-350x123.jpg 350w\" sizes=\"(max-width: 370px) 100vw, 370px\" \/><\/figure>\n\n\n\n<p>Este \u00e9 o relato de uma aventura pessoal, muito particular. N\u00e3o tem a m\u00ednima pretens\u00e3o de fundamentar teorias ou levantar pontos controversos, sobre o pa\u00eds ou sobre a velhice. Resume uma vis\u00e3o bem pessoal de uma brasileira sessentona, de classe m\u00e9dia, de origem nordestina, vivendo nos \u00faltimos 27 anos fora de l\u00e1 e mais da metade deles no Rio de Janeiro. \u00c9 apenas o olhar de uma pessoa entrando na velhice querendo desenhar cen\u00e1rios e entender as op\u00e7\u00f5es. Aprender sobre o envelhecer pode ser uma tarefa \u00e1rida e cheia de desesperan\u00e7a. Procurar seus pares pode ser uma forma de nos fazer acreditar que ela \u00e9 apenas uma etapa a mais da vida, sem a constante lembran\u00e7a de que \u00e9 a \u00faltima, e cultivando uma vis\u00e3o de que ela oferece os mesmos riscos, tristezas, desafios e alegrias, que todas as outras fases que a vida nos proporciona. Perdi a oportunidade de adolescer e de entrar na vida adulta tendo mais consci\u00eancia de mim mesma, do mundo \u00e0 minha volta e dos meus contempor\u00e2neos. Agora n\u00e3o quero repetir este improviso com a velhice, quero aprend\u00ea-la para viv\u00ea-la de uma forma mais inteligente e menos impregnada das verdades que sempre ouvi sobre a dureza de ser velho. A leitura pode trazer algumas novidades e muitos assuntos para incont\u00e1veis conversas entre aqueles que chamo de PIS \u2013 os pr\u00e9-idosos, idosos ou simpatizantes &#8211; , uma minoria que s\u00f3 tende a crescer.<\/p>\n\n\n\n<p>A &#8211; <a href=\"http:\/\/www.martapessoa.blog.br\/index.php\/como-o-tema-do-envelhecimento-me-fisgou\/\" data-type=\"page\" data-id=\"151\">Como o tema do envelhecimento me fisgou<\/a><\/p>\n\n\n\n<p>B- <a href=\"http:\/\/www.martapessoa.blog.br\/index.php\/o-que-seria-uma-velhice-com-futuro\/\">O que seria uma velhice com futuro?<\/a><\/p>\n\n\n\n<p>C- <a href=\"http:\/\/www.martapessoa.blog.br\/index.php\/decifrando-a-dinamarca-em-menos-de-1-mes\/\" data-type=\"page\" data-id=\"161\">Decifrando a Dinamarca, em menos de 1 m\u00eas<\/a><\/p>\n\n\n\n<p>D \u2013 <a href=\"http:\/\/www.martapessoa.blog.br\/index.php\/a-velhice-na-dinamarca\/\">A velhice na Dinamarca<\/a><\/p>\n\n\n\n<p>E &#8211; <a href=\"http:\/\/www.martapessoa.blog.br\/index.php\/o-brasil-para-os-velhos\/\" data-type=\"page\" data-id=\"268\">O Brasil para os velhos<\/a><\/p>\n\n\n\n<p><\/p>\n","protected":false},"excerpt":{"rendered":"<p>Velhice mundo afora Escrito para o blog Mundo Prateado Este \u00e9 o relato de uma aventura pessoal, muito particular. N\u00e3o tem a m\u00ednima pretens\u00e3o de fundamentar teorias ou levantar pontos controversos, sobre o pa\u00eds ou sobre a velhice. Resume uma vis\u00e3o bem pessoal de uma brasileira sessentona, de classe m\u00e9dia, de origem nordestina, vivendo nos [&hellip;]<\/p>\n","protected":false},"author":1,"featured_media":0,"parent":0,"menu_order":0,"comment_status":"closed","ping_status":"closed","template":"","meta":{"_coblocks_attr":"","_coblocks_dimensions":"","_coblocks_responsive_height":"","_coblocks_accordion_ie_support":"","spay_email":""},"_links":{"self":[{"href":"https:\/\/martapessoa.blog.br\/index.php\/wp-json\/wp\/v2\/pages\/147"}],"collection":[{"href":"https:\/\/martapessoa.blog.br\/index.php\/wp-json\/wp\/v2\/pages"}],"about":[{"href":"https:\/\/martapessoa.blog.br\/index.php\/wp-json\/wp\/v2\/types\/page"}],"author":[{"embeddable":true,"href":"https:\/\/martapessoa.blog.br\/index.php\/wp-json\/wp\/v2\/users\/1"}],"replies":[{"embeddable":true,"href":"https:\/\/martapessoa.blog.br\/index.php\/wp-json\/wp\/v2\/comments?post=147"}],"version-history":[{"count":9,"href":"https:\/\/martapessoa.blog.br\/index.php\/wp-json\/wp\/v2\/pages\/147\/revisions"}],"predecessor-version":[{"id":545,"href":"https:\/\/martapessoa.blog.br\/index.php\/wp-json\/wp\/v2\/pages\/147\/revisions\/545"}],"wp:attachment":[{"href":"https:\/\/martapessoa.blog.br\/index.php\/wp-json\/wp\/v2\/media?parent=147"}],"curies":[{"name":"wp","href":"https:\/\/api.w.org\/{rel}","templated":true}]}}